{"id":17,"date":"2020-11-03T23:43:49","date_gmt":"2020-11-03T23:43:49","guid":{"rendered":"http:\/\/galvagno.com\/?page_id=17"},"modified":"2023-06-29T14:49:08","modified_gmt":"2023-06-29T14:49:08","slug":"homepage","status":"publish","type":"page","link":"https:\/\/galvagno.com\/","title":{"rendered":"Benvenuti!"},"content":{"rendered":"\r\n<p>Sul nostro sito trovi in breve una descrizione dell&#8217;azienda e dei nostri servizi. Se la tua azienda ha dei fabbisogni nel settore informatico, prenditi un momento per contattarci. Sar\u00e0 un piacere illustrarti in dettaglio la nostra esperienza decennale e valutare l&#8217;opportunit\u00e0 e la modalit\u00e0 di una collaborazione.<\/p>\r\n","protected":false},"excerpt":{"rendered":"<p>Sul nostro sito trovi in breve una descrizione dell&#8217;azienda e dei nostri servizi. Se la tua azienda ha dei fabbisogni nel settore informatico, prenditi un momento per contattarci. Sar\u00e0 un piacere illustrarti in dettaglio la nostra esperienza decennale e valutare l&#8217;opportunit\u00e0 e la modalit\u00e0 di una collaborazione.<\/p>\n","protected":false},"author":1,"featured_media":0,"parent":0,"menu_order":0,"comment_status":"closed","ping_status":"closed","template":"","meta":{"footnotes":""},"class_list":["post-17","page","type-page","status-publish","hentry"],"aioseo_notices":[],"jetpack_sharing_enabled":true,"_links":{"self":[{"href":"https:\/\/galvagno.com\/index.php\/wp-json\/wp\/v2\/pages\/17","targetHints":{"allow":["GET"]}}],"collection":[{"href":"https:\/\/galvagno.com\/index.php\/wp-json\/wp\/v2\/pages"}],"about":[{"href":"https:\/\/galvagno.com\/index.php\/wp-json\/wp\/v2\/types\/page"}],"author":[{"embeddable":true,"href":"https:\/\/galvagno.com\/index.php\/wp-json\/wp\/v2\/users\/1"}],"replies":[{"embeddable":true,"href":"https:\/\/galvagno.com\/index.php\/wp-json\/wp\/v2\/comments?post=17"}],"version-history":[{"count":5,"href":"https:\/\/galvagno.com\/index.php\/wp-json\/wp\/v2\/pages\/17\/revisions"}],"predecessor-version":[{"id":85,"href":"https:\/\/galvagno.com\/index.php\/wp-json\/wp\/v2\/pages\/17\/revisions\/85"}],"wp:attachment":[{"href":"https:\/\/galvagno.com\/index.php\/wp-json\/wp\/v2\/media?parent=17"}],"curies":[{"name":"wp","href":"https:\/\/api.w.org\/{rel}","templated":true}]}}